71 a factor of 18390099?
True
Is 460 a factor of 28613632?
False
Is 76783996 a multiple of 1120?
False
Is 7511658 a multiple of 3?
True
Does 21 divide 82770380?
False
Is 2594 a factor of 157071888?
True
Does 2982 divide 2497580064?
True
Does 74 divide 971026742?
True
Is 76794741 a multiple of 9?
True
Is 6 a factor of 45745844?
False
Does 461 divide 72580301?
True
Does 280 divide 40191760?
True
Does 533 divide 10182432?
True
Is 191758556 a multiple of 116?
True
Is 63457002 a multiple of 1240?
False
Is 841 a factor of 42784193?
True
Is 457263640 a multiple of 20?
True
Does 549 divide 42790158?
True
Is 125 a factor of 535841133?
False
Is 2806 a factor of 110727566?
True
Is 847231336 a multiple of 1412?
False
Does 562 divide 109414844?
False
Is 2654618 a multiple of 34?
True
Does 5 divide 164289?
False
Is 307507010 a multiple of 46?
True
Does 15 divide 594255866?
False
Does 15 divide 46158075?
True
Is 1360 a factor of 135128240?
True
Does 345 divide 81447656?
False
Is 10 a factor of 55831898?
False
Does 26 divide 114189972?
True
Is 327650235 a multiple of 123?
False
Is 2531 a factor of 1769996637?
True
Is 17512509 a multiple of 954?
False
Is 2 a factor of 161713231?
False
Does 19 divide 203077497?
False
Is 4463155 a multiple of 709?
True
Does 430 divide 74577910?
True
Is 18 a factor of 703127?
False
Is 52360899 a multiple of 3?
True
Is 44547135 a multiple of 32?
False
Is 3 a factor of 77580351?
True
Does 206 divide 77424730?
False
Is 12 a factor of 497576141?
False
Is 702968254 a multiple of 615?
False
Does 379 divide 223714983?
True
Does 114 divide 1892045891?
False
Is 300 a factor of 41695630?
False
Is 852108855 a multiple of 151?
True
Is 353555367 a multiple of 2181?
True
Does 35 divide 272421651?
False
Is 67 a factor of 9922016?
False
Does 514 divide 15293042?
True
Does 42 divide 694758027?
False
Does 903 divide 20152251?
True
Does 35 divide 8386000?
True
Is 91 a factor of 320723858?
True
Does 814 divide 1176794308?
False
Is 10112345 a multiple of 5?
True
Does 435 divide 22291575?
True
Is 2378588363 a multiple of 6512?
False
Does 3 divide 218116959?
True
Does 701 divide 1837267?
False
Does 33 divide 90443544?
False
Does 47 divide 7746493?
True
Is 8037844 a multiple of 849?
False
Is 1557 a factor of 20507247?
True
Is 362 a factor of 62714488?
False
Is 41 a factor of 81685874?
False
Does 10 divide 31581530?
True
Does 477 divide 149856705?
True
Is 573682900 a multiple of 10?
True
Is 843 a factor of 28506888?
True
Is 5 a factor of 3600250?
True
Is 532898183 a multiple of 98?
False
Is 433 a factor of 19540113?
False
Does 943 divide 5434456192?
True
Is 2001965 a multiple of 499?
False
Is 2169665790 a multiple of 1059?
False
Is 126 a factor of 61584512?
False
Is 699 a factor of 2479533192?
False
Does 8 divide 74261826?
False
Does 61 divide 11206293?
False
Does 58 divide 2548404?
True
Is 14597899 a multiple of 8?
False
Does 260 divide 5301400?
True
Is 198 a factor of 13767138?
True
Does 15 divide 1016044065?
True
Is 518 a factor of 7326074?
True
Is 126 a factor of 541081?
False
Is 162069895 a multiple of 5?
True
Is 249819976 a multiple of 8?
True
Is 57986739 a multiple of 6?
False
Is 60 a factor of 483660?
True
Does 3 divide 36499674?
True
Does 52 divide 4738333?
False
Is 259 a factor of 1112407331?
True
Is 40 a factor of 32556520?
True
Is 182167861 a multiple of 316?
False
Is 13 a factor of 264153164?
False
Does 11486 divide 2828862253?
False
Does 251 divide 26043437?
False
Does 44 divide 833018120?
True
Is 195028299 a multiple of 25?
False
Is 2 a factor of 11686943?
False
Does 65 divide 702079399?
False
Does 1874 divide 240481050?
True
Is 180816548 a multiple of 473?
True
Is 20 a factor of 3513557?
False
Is 42 a factor of 26963230?
False
Does 23 divide 9664899?
True
Does 33 divide 183182200?
False
Is 205487462 a multiple of 16?
False
Is 73 a factor of 37855870?
False
Does 16 divide 58875655?
False
Does 1336 divide 44833274?
False
Is 2755081 a multiple of 125?
False
Does 1071 divide 4197208420?
False
Is 271497671 a multiple of 30?
False
Is 14 a factor of 467887364?
True
Does 12 divide 271834?
False
Does 259 divide 3828448?
False
Is 31 a factor of 4115746?
True
Is 69691359 a multiple of 3?
True
Is 1932 a factor of 53300537?
False
Does 57 divide 1363839?
True
Is 24878112 a multiple of 28?
True
Is 601255080 a multiple of 4990?
True
Does 504 divide 42948761?
False
Is 3119 a factor of 153546858?
False
Is 377 a factor of 207041752?
False
Is 18377765 a multiple of 119?
True
Is 3568 a factor of 956777040?
True
Is 796 a factor of 17117342?
False
Is 10929240 a multiple of 3?
True
Does 573 divide 35216007?
True
Is 44056440 a multiple of 18?
True
Does 12 divide 1510481580?
True
Does 531 divide 4579342?
False
Is 203292561 a multiple of 263?
False
Is 13856850 a multiple of 18?
True
Does 20 divide 6011388540?
True
Does 393 divide 62116231?
False
Is 28902588 a multiple of 286?
True
Does 17 divide 27092050?
True
Is 170 a factor of 439334297?
False
Is 6 a factor of 263825743?
False
Is 15 a factor of 67922535?
True
Is 1809538041 a multiple of 16?
False
Is 35133098 a multiple of 161?
True
Does 183 divide 365938878?
True
Does 532 divide 56262748?
False
Does 4 divide 19823673?
False
Is 122425906 a multiple of 6382?
True
Is 11 a factor of 64612235?
False
Is 166212234 a multiple of 391?
False
Does 6 divide 4604243?
False
Is 499 a factor of 146845031?
False
Is 30 a factor of 13340910?
True
Is 28 a factor of 86255120?
True
Is 84736938 a multiple of 1234?
False
Is 101608351 a multiple of 38?
False
Does 443 divide 22202634?
False
Does 43 divide 10079415?
True
Is 18052020 a multiple of 20?
True
Is 123097305 a multiple of 367?
True
Is 31 a factor of 603152485?
False
Is 138 a factor of 736725764?
False
Does 2305 divide 19634295?
False
Does 8 divide 25791601?
False
Does 18 divide 1768221465?
False
Is 308 a factor of 3525501673?
False
Does 10 divide 197019208?
False
Is 1974391038 a multiple of 7?
False
Is 73 a factor of 84903002?
False
Does 642 divide 86405496?
True
Is 261 a factor of 21632202?
True
Is 10059754 a multiple of 122?
True
Is 18 a factor of 2821785898?
False
Does 3432 divide 4074089398?
False
Does 13 divide 24310702?
True
Does 26 divide 66729520?
True
Is 6080300 a multiple of 41?
True
Does 235 divide 18597665?
True
Is 146 a factor of 198073966?
True
Is 183702350 a multiple of 4090?
True
Is 232 a factor of 45214480?
True
Is 182547972 a multiple of 306?
True
Is 41 a factor of 122076176?
False
Does 42 divide 2338979808?
False
Does 43 divide 14494696?
False
Is 172 a factor of 53921656?
True
Does 19 divide 70569097?
True
Is 217101114 a multiple of 2805?
False
Does 788 divide 40421757?
False
Is 491 a factor of 225146577?
True
Is 304 a factor of 27174560?
True
Is 2637190 a multiple of 10?
True
Does 45 divide 25738020?
True
Is 438 a factor of 184802712?
True
Is 9826950 a multiple of 21?
True
Is 30789189 a multiple of 46?
False
Is 4171310150 a multiple of 35?
True
Is 28 a factor of 47527317?
False
Is 1633 a factor of 751183266?
True
Does 12 divide 4250796?
True
Is 130522446 a multiple of 82?
False
Is 700 a factor of 21632513?
False
Is 70974425 a multiple of 10?
False
Does 155 divide 90573817?
False
Is 29 a factor of 9644617?
True
Is 10270 a factor of 6390312370?
True
Is 98 a factor of 49939330?
True
Does 371 divide 288799233?
False
Is 1280637516 a multiple of 7314?
True
Is 28 a factor of 88980412?
False
Does 8 divide 293111441?
False
Is 142157281 a multiple of 47?
True
Does 65 divide 11991663?
False
Does 41 divide 9371393?
False
Is 298 a factor of 4554923?
False
Does 52 divide 106711991?
False
Is 763935846 a multiple of 46?
True
Is 9652 a factor of 1715000304?
False
Does 255 divide 47330193?
False
Is 1534 a factor of 1815005790?
True
Is 202377712 a multiple of 8?
True
Does 5910 divide 1485726720?
True
Is 1939920759 a multiple of 31?
True
Is 15 a factor of 41275211?
False
Does 10 divide 10933293?
False
Does 125 divide 1994740250?
True
Does 7 divide 81163027?
False
Is 134946918 a multiple of 6?
True
Is 1438 a factor of 166858330?
True
Does 4165 divide 144879525?
True
Is 41130802 a multiple of 181?
True
Is 42695699 a multiple of 748?
False
Does 156 divide 2576121756?
True
Does 571 divide 26897226?
False
Is 354865033 a multiple of 23?
False
Is 638040956 a multiple of 27?
False
D